he remainder when 619365 is divided by 5112.
813
Calculate the remainder when 776463 is divided by 129409.
9
Calculate the remainder when 29876048 is divided by 119504.
48
What is the remainder when 16631 is divided by 1424?
967
What is the remainder when 8560505 is divided by 1317?
5
Calculate the remainder when 10232377 is divided by 127904.
57
Calculate the remainder when 29848140 is divided by 2483.
2480
Calculate the remainder when 25773523 is divided by 25.
23
What is the remainder when 1095242 is divided by 137?
64
Calculate the remainder when 141983 is divided by 701.
381
Calculate the remainder when 5747103 is divided by 5747076.
27
Calculate the remainder when 5426383 is divided by 1190.
1173
What is the remainder when 4623153 is divided by 1740?
1713
What is the remainder when 580380572 is divided by 27?
20
Calculate the remainder when 2831867 is divided by 466.
451
What is the remainder when 3877310 is divided by 32?
30
What is the remainder when 222474 is divided by 666?
30
Calculate the remainder when 13374552 is divided by 262246.
6
What is the remainder when 7095979 is divided by 7095605?
374
What is the remainder when 792761 is divided by 6498?
5
What is the remainder when 1352998 is divided by 2050?
2048
What is the remainder when 770721 is divided by 1626?
1623
Calculate the remainder when 701643 is divided by 1900.
543
What is the remainder when 1190106 is divided by 7676?
326
What is the remainder when 783221759 is divided by 18?
17
Calculate the remainder when 286577 is divided by 285754.
823
Calculate the remainder when 18174 is divided by 5549.
1527
Calculate the remainder when 333880777 is divided by 2894.
2891
Calculate the remainder when 256995215 is divided by 3306.
3305
Calculate the remainder when 96487 is divided by 16047.
205
What is the remainder when 929720 is divided by 1725?
1670
What is the remainder when 9482131 is divided by 559?
373
What is the remainder when 9438497 is divided by 327?
296
What is the remainder when 49656 is divided by 3789?
399
Calculate the remainder when 12863612 is divided by 12.
8
Calculate the remainder when 152600 is divided by 1554.
308
Calculate the remainder when 176418 is divided by 1225.
18
What is the remainder when 1791568 is divided by 255937?
9
Calculate the remainder when 611773 is divided by 152930.
53
What is the remainder when 1678129 is divided by 209739?
217
What is the remainder when 1740717 is divided by 17583?
0
Calculate the remainder when 1247117 is divided by 375.
242
Calculate the remainder when 220594 is divided by 12976.
2
What is the remainder when 13637 is divided by 993?
728
What is the remainder when 1106018 is divided by 39500?
18
Calculate the remainder when 24163 is divided by 64.
35
What is the remainder when 226758 is divided by 6669?
12
What is the remainder when 2091996 is divided by 797?
668
Calculate the remainder when 190231 is divided by 243.
205
Calculate the remainder when 238022153 is divided by 199683.
17
What is the remainder when 202861 is divided by 7509?
118
What is the remainder when 13479136 is divided by 2827?
0
What is the remainder when 1080989 is divided by 540477?
35
Calculate the remainder when 1913779 is divided by 26.
23
What is the remainder when 2430632 is divided by 1023?
1007
What is the remainder when 230707 is divided by 32948?
71
Calculate the remainder when 168478 is divided by 33694.
8
Calculate the remainder when 23807464 is divided by 27.
25
Calculate the remainder when 87905 is divided by 732.
65
What is the remainder when 1770396 is divided by 308?
12
What is the remainder when 2207549 is divided by 9515?
69
What is the remainder when 2342299 is divided by 2216?
2203
Calculate the remainder when 33009573 is divided by 31.
29
What is the remainder when 482039 is divided by 2254?
1937
Calculate the remainder when 6382141 is divided by 1331.
1327
Calculate the remainder when 62685 is divided by 2013.
282
Calculate the remainder when 27188538 is divided by 1811.
1806
What is the remainder when 7785121 is divided by 629?
617
What is the remainder when 58582748 is divided by 4611?
4604
What is the remainder when 1559851 is divided by 1510?
21
Calculate the remainder when 3086971 is divided by 308655.
421
What is the remainder when 7123017 is divided by 2374296?
129
What is the remainder when 29201651 is divided by 29201620?
31
Calculate the remainder when 803245 is divided by 2798.
219
Calculate the remainder when 4693406 is divided by 30.
26
Calculate the remainder when 38165 is divided by 1640.
445
What is the remainder when 12313257 is divided by 670?
667
Calculate the remainder when 4417514 is divided by 1767.
14
Calculate the remainder when 36068399 is divided by 399.
395
What is the remainder when 11049109 is divided by 581531?
20
Calculate the remainder when 442077 is divided by 88265.
752
Calculate the remainder when 65598 is divided by 2343.
2337
What is the remainder when 3198932 is divided by 2869?
2866
Calculate the remainder when 597 is divided by 215.
167
Calculate the remainder when 66211190 is divided by 174.
14
What is the remainder when 277815 is divided by 310?
55
Calculate the remainder when 10714047 is divided by 1515.
1482
Calculate the remainder when 527789 is divided by 527763.
26
Calculate the remainder when 705187 is divided by 257.
236
What is the remainder when 669327 is divided by 17068?
3675
What is the remainder when 577818 is divided by 998?
974
Calculate the remainder when 9076779 is divided by 3.
0
What is the remainder when 53148 is divided by 5753?
1371
Calculate the remainder when 261133 is divided by 753.
595
What is the remainder when 34839780 is divided by 31?
27
Calculate the remainder when 143110433 is divided by 15.
8
What is the remainder when 22930799 is divided by 1763907?
8
What is the remainder when 7918 is divided by 566?
560
Calculate the remainder when 3590398 is divided by 7040.
7038
What is the remainder when 134254 is divided by 44502?
748
Calculate the remainder when 11823291 is divided by 71.
16
Calculate the remainder when 94082 is divided by 547.
545
Calculate the remainder when 312014 is divided by 196.
178
Calculate the remainder when 265654879 is divided by 4447.
4440
Calculate the remainder when 12917 is divided by 1057.
233
Calculate the remainder when 548583 is divided by 98.
77
What is the remainder when 80065 is divided by 198?
73
Calculate the remainder when 222847 is divided by 1548.
1483
Calculate the remainder when 2081076 is divided by 189.
186
What is the remainder when 4948519 is divided by 206188?
7
Calculate the remainder when 266397 is divided by 44102.
1785
Calculate the remainder when 7269928 is divided by 541.
511
What is the remainder when 2127170 is divided by 1466?
4
Calculate the remainder when 4229166 is divided by 113.
28
What is the remainder when 5198869 is divided by 476?
473
What is the remainder when 65819714 is divided by 1686?
1646
Calculate the remainder when 105425829 is divided by 92.
85
Calculate the remainder when 37547734 is divided by 955.
954
What is the remainder when 72349868 is divided by 392?
388
What is the remainder when 15519 is divided by 1097?
161
Calculate the remainder when 1570805 is divided by 2699.
2686
What is the remainder when 161230 is divided by 53740?
10
What is the remainder when 117004 is divided by 84?
76
What is the remainder when 31566736 is divided by 7043?
10
Calculate the remainder when 692146 is divided by 115313.
268
Calculate the remainder when 351904 is divided by 117244.
172
What is the remainder when 5713314 is divided by 2252?
2242
What is the remainder when 78343 is divided by 39066?
211
Calculate the remainder when 144022 is divided by 1735.
17
What is the remainder when 203002 is divided by 33786?
286
What is the remainder when 53036 is divided by 73?
38
What is the remainder when 15403646 is divided by 491?
485
Calculate the remainder when 1409065 is divided by 9084.
1045
Calculate the remainder when 4830488 is divided by 70.
68
Calculate the remainder when 898323 is divided by 2825.
2798
What is the remainder when 38199 is divided by 4288?
3895
Calculate the remainder when 73891 is divided by 24426.
613
Calculate the remainder when 90702 is divided by 2848.
2414
What is the r